 + 8. Calculate h(4).
8
Let c(s) = 18*s**2 + 2*s - 3. What is c(1)?
17
Let x(f) = f**2 - 54*f - 159. Calculate x(57).
12
Let r(j) = j + 20. Determine r(-11).
9
Let w(u) = 105*u - 529. What is w(5)?
-4
Let i(t) = t**2 + 6*t - 14. Give i(2).
2
Let y(a) = -3*a + 35. Give y(-27).
116
Let c(p) = p - 6. Determine c(-16).
-22
Let h(l) = -9*l - 7. Determine h(-10).
83
Let k(f) = -f + 4. What is k(6)?
-2
Let m(v) = -4*v - 24. Determine m(-10).
16
Let g(r) = -r**3 - 19*r**2 - 17*r + 5. Determine g(-18).
-13
Let r(p) = 14*p + 438. What is r(-31)?
4
Let v(y) = -y**3 - 5*y**2 - y - 44. Give v(-6).
-2
Let b(p) = -3*p**2 - 14*p + 118. Calculate b(-9).
1
Let m(a) = a**2 - 8*a - 4. Calculate m(6).
-16
Let u(f) = -4*f + 88. Give u(25).
-12
Let q(v) = v**2 - 18*v + 19. What is q(17)?
2
Let g(t) = 5*t + 4. Determine g(5).
29
Let o(a) = -a - 13. Determine o(-16).
3
Let o(n) = 4*n**2 + 2*n + 1. Calculate o(-1).
3
Let w(a) = -a**3 - a**2 - a. What is w(0)?
0
Let t(v) = v**2 + 10*v - 11. What is t(-9)?
-20
Let k(v) = -v**3 + v**2 - 4*v - 15. Calculate k(-2).
5
Let a(j) = -5*j + 1. Calculate a(-7).
36
Let s(n) = -n**2 + 23*n - 39. Give s(23).
-39
Let j(o) = 2*o - 3. Calculate j(7).
11
Let h(t) = -2*t**3 - 2*t**2 + 9*t + 6. Determine h(-3).
15
Let w(f) = 6*f + 62. What is w(-9)?
8
Let i(w) = 3*w - 2. What is i(-1)?
-5
Let q(x) = 2*x + 28. Calculate q(-16).
-4
Let h(b) = -b - 18. Determine h(-4).
-14
Let p(w) = -w**3 + 4*w**2 - 9*w + 8. Give p(5).
-62
Let v(n) = -n**2 + 22*n - 29. What is v(20)?
11
Let d(t) = -3*t**2 + 22*t + 1. Give d(5).
36
Let g(z) = 11*z**2 + z + 1. What is g(-1)?
11
Let l(z) = -46*z**2 - z + 3. Give l(1).
-44
Let a(j) = 2*j**3 - 3*j - 2. Calculate a(-2).
-12
Let t(u) = 7*u - 6. Give t(-7).
-55
Let a(w) = -w**2 + 3. Give a(3).
-6
Let z(n) = 2*n + 4. What is z(-7)?
-10
Let m(s) = s**3 - 7*s**2 - s + 4. Determine m(6).
-38
Let d(x) = x**2 + x + 22. Determine d(-11).
132
Let s(n) = -7*n - 31. What is s(-9)?
32
Let t(h) = h. What is t(5)?
5
Let i(p) = -p**3 - 4*p**2 + 17*p + 65. What is i(-5)?
5
Let k(h) = -8*h + 90. Give k(14).
-22
Let h(w) = -w**3 - 7*w**2 + 2*w - 13. Determine h(-8).
35
Let r(m) = -6*m**3 + m**2 + 3*m - 2. Determine r(2).
-40
Let d(l) = l**3 - 2*l**2 - l + 30. Determine d(0).
30
Let x(m) = -3*m**2 - 4*m - 5. Determine x(-2).
-9
Let s(a) = -2*a + 32. Calculate s(15).
2
Let c(d) = d**2 - 6*d + 4. Calculate c(4).
-4
Let x(m) = m**2 - 12*m - 23. Calculate x(12).
-23
Let n(g) = 2*g**2 + 13*g + 6. Calculate n(-6).
0
Let p(u) = u**3 + 7*u**2 + 13*u + 17. Give p(-4).
13
Let j(t) = -t**2 - 3*t + 4. Calculate j(-3).
4
Let r(k) = 13*k + 5. What is r(-1)?
-8
Let x(c) = 2*c**3 - 3*c**2 - 4*c - 1. Give x(3).
14
Let s(y) = -y**3 - 4*y**2 - y - 1. What is s(-2)?
-7
Let x(q) = -q**3 - 17*q**2 + 14*q - 79. Give x(-18).
-7
Let l(y) = 2*y - 20. Give l(12).
4
Let z(c) = 2*c**3 + 6*c**2 + c + 13. Give z(-4).
-23
Let k(l) = l**2 - 17*l + 16. Give k(12).
-44
Let x(v) = 2*v**3 - 22*v**2 - 6*v + 17. Determine x(11).
-49
Let m(g) = g**2 - 9*g - 160. Determine m(-9).
2
Let d(c) = -4*c - 12. Determine d(-9).
24
Let v(s) = -2*s**2 + 22*s + 23. Give v(12).
-1
Let y(w) = w**3 - 2*w**2 - w - 2. Give y(4).
26
Let d(o) = -2*o**2 - 25*o - 19. What is d(-12)?
-7
Let d(x) = 52*x + 1504. What is d(-29)?
-4
Let y(z) = 6*z - 4. What is y(-4)?
-28
Let c(u) = 51*u - 33. Calculate c(1).
18
Let k(s) = -4*s - 80. Calculate k(-20).
0
Let d(g) = -g**2 + 17*g + 13. Determine d(7).
83
Let w(l) = l + 24. Determine w(12).
36
Let u(k) = -k**3 - 7*k**2 - 6*k + 3. Calculate u(-4).
-21
Let u(q) = -2*q**3 - 9*q**2 - 7*q - 10. What is u(-4)?
2
Let u(w) = -9*w**2 + 3*w + 2. Determine u(-4).
-154
Let p(q) = -q**3 - 13*q**2 + 32*q + 17. Calculate p(-15).
-13
Let z(r) = -r**2 + 39*r - 261. Calculate z(9).
9
Let c(l) = -l**2 + 26. Calculate c(5).
1
Let h(y) = -y**2 + 24*y - 54. What is h(21)?
9
Let a(n) = -4*n**2 - 158*n + 77. What is a(-40)?
-3
Let y(u) = -31*u - 1. Give y(-2).
61
Let s(v) = -7*v - 61. Give s(-9).
2
Let u(o) = -o**3 + 38*o**2 + 4*o - 152. Determine u(38).
0
Let z(n) = 6*n + 41. Give z(-9).
-13
Let u(j) = -j**3 + 10*j**2 - 3*j + 25. What is u(10)?
-5
Let o(a) = 16*a - 59. Determine o(3).
-11
Let l(r) = -r**3 - 9*r**2 - 16*r - 53. Give l(-7).
-39
Let c(h) = -h**2 + 12*h - 4. Give c(11).
7
Let a(t) = t**3 - 8*t**2 + 4*t + 5. What is a(7)?
-16
Let m(j) = -150*j - 905. Give m(-6).
-5
Let s(t) = t**3 + 6*t**2 - t + 12. What is s(-6)?
18
Let u(r) = 18*r**3 + 5*r**2 + 2*r + 1. Give u(-1).
-14
Let h(r) = -32*r + 607. Calculate h(19).
-1
Let b(p) = 9*p**3 - p - 1. What is b(-1)?
-9
Let c(k) = k**3 - 18*k**2 - 24*k + 48. Calculate c(19).
-47
Let s(g) = g**2 + 9*g - 13. Determine s(-11).
9
Let o(z) = z**2 + 6*z - 40. Calculate o(-9).
-13
Let w(l) = -17*l + 181. Give w(11).
-6
Let x(t) = t**3 + t**2 - 2*t + 5. What is x(-3)?
-7
Let k(a) = -3*a + 2. What is k(-3)?
11
Let i(g) = 25*g - 152. Calculate i(6).
-2
Let m(s) = -s**2 - 18*s - 9. What is m(-18)?
-9
Let w(r) = -16*r + 344. Give w(21).
8
Let y(h) = -h + 2. What is y(-4)?
6
Let n(z) = -2*z**3 - 12*z**2 + 12*z - 16. Give n(-7).
-2
Let i(c) = -c**3 - 15*c**2 + 6*c + 76. Determine i(-15).
-14
Let m(w) = w**3 + 16*w**2 + 14*w - 20. Give m(-15).
-5
Let x(h) = h**2 + 10*h + 17. Give x(-9).
8
Let j(g) = -g**3 + 5*g**2 + 7*g - 10. Determine j(6).
-4
Let q(w) = -w + 5. What is q(-3)?
8
Let u(w) = -w**3 - 9*w**2 - 3*w - 22. Give u(-7).
-99
Let d(v) = -v**3 + 16*v**2 + 15*v + 22. Give d(17).
-12
Let n(z) = -6*z**3 - 7*z**2 - 5*z - 8. What is n(-3)?
106
Let m(h) = -6*h**2 + 4. Give m(2).
-20
Let n(f) = -14*f. Give n(-1).
14
Let k(x) = -x + 4. Determine k(-4).
8
Let f(h) = -h**3 - 49*h**2 - 95*h - 43. Give f(-47).
4
Let s(r) = -2*r**3 + 7*r**2 - r. Calculate s(3).
6
Let d(c) = -c**2 - 8*c + 41. Determine d(6).
-43
Let j(k) = 9*k + 2. What is j(0)?
2
Let x(m) = 7*m + 6. Determine x(-4).
-22
Let d(h) = -h**3 + 6*h**2 - 5*h - 7. Calculate d(5).
-7
Let l(f) = -f**3 + 11*f**2 - 17*f - 19. What is l(9)?
-10
Let l(k) = k**2 + 13*k + 6. Calculate l(-11).
-16
Let c(r) = 4*r + 2. What is c(5)?
22
Let f(d) = 2*d**3 - 12*d**2 - 12*d - 6. Give f(7).
8
Let z(a) = -7*a - 3. Calculate z(2).
-17
Let p(m) = -3*m + 3. What is p(4)?
-9
Let l(x) = -x**2 + 5*x - 2. What is l(-4)?
-38
Let h(a) = 3*a**3 + 6*a**2. Determine h(-4).
-96
Let f(b) = 11*b - 31. What is f(5)?
24
Let k(t) = 11*t - 4. Determine k(2).
18
Let d(j) = 15*j + 19. Give d(-9).
-116
Let t(c) = 9*c + 118. Determine t(-12).
10
Let a(o) = 26*o + 294. Determine a(-12).
-18
Let n(b) = 5*b + 13. Calculate n(-11).
-42
Let o(b) = -b**2 - b + 1. Determine o(-2).
-1
Let y(w) = w + 13. Calculate y(-13).
0
Let q(x) = -5*x + 51. Calculate q(22).
-59
Let j(m) = 2*m**3 - 3*m**2 - 4*m - 1. Give j(3).
14
Let c(x) = -4*x + 4. Give c(-3).
16
Let j(u) = -12*u - 30. Calculate j(4).
-78
Let d(h) = 3*h + 8. Calculate d(-3).
-1
Let l(s) = -2*s**2 + 46*s + 57. What is l(24)?
9
Let m(l) = -4*l + 38. Give m(10).
-2
Let b(z) = z**3 + 17*z**2 + 2. Give b(-17).
2
Let y(x) = x**2 + 31*x + 104. Determine y(-28).
20
Let v(l) = -41*l + 255. Calculate v(6).
9
Let m(i) = -i**2 + 99*i - 378. Calculate m(4).
2
Let d(l) = -l**3 - 5*l**2 + 2*l + 2. Determine d(-5).
-8
Let o(n) = n**3 - 9*n**2 - 13*n - 9. Determine o(10).
-39
Let r(z) = -z - 35. Calculate r(-32).
-3
Let r(a) = -a + 7. Calculate r(-6).
13
Let y(z) = -z**3 + 4*z**2 - 5*z + 18. Give y(4).
-2
Let b(f) = 31*f**3 + 8*f**2 - 7*f - 1. Determine b(1).
31
Let w(d) = d**3 - 16*d**2 - 4*d + 67. Determine w(16).
3
Let p(q) = q**2 + 3*q - 13. Calculate p(-5).
-3
Let n(s) = s**3 + 4*s**2 - 4*s - 4. What is n(-3)?
17
Let o(f) = -f**3 + 18*f**2 + 19*f + 6. What is o(19)?
6
Let t(m) = m**2 - m + 1. Determine t(-2).
7
Let b(n) = 2*n**3 - 24*n**2 + 2*n - 27. Calculate b(12).
-3
Let g(t) = -2*t**2 - 8*t + 17. Give g(2).
-7
Let b(r) = r**2 - 3*r - 32. Calculate b(-7).
38
Let w(r) = -2*r**2 - 10*r - 12. Calculate w(-6).
-24
Let y(l) = -l**3 - 10*l**2 - 2*l - 11. Calculate y(-10).
9
Let w(z) = z - 55. Calculate w(35).
-20
Let y(t) = -t**3 - 14*t**2 - 12*t + 1. What is y(-13)?
-12
Let v(k) = -k. Give v(-1).
1
Let q(y) = 2*y**2 - 11*y + 5. Give q(7).
26
Let q(g) = -2*g + 50. Calculate q(24).
2
Let b(j) = j**3 - 16*j**2 + 37*j + 27. Give b(13).
1
Let x(s) = -2*s**3 - 17*s**2 - 7*s + 7. Determine x(-8).